1). Is q(l) a composite number?
False
Suppose 6*k = 2*k + 16. Suppose 4959 = x + k*z, 2*z - 15 = -z. Is x composite?
True
Suppose 3*a - h = 8*a - 30, 3*a - 2*h = 5. Suppose -6*p + 11*p - 21133 = -3*o, a*p + 28224 = 4*o. Is o composite?
True
Suppose -132322 = 3*g + 5*v, 0 = -4*g - 2*v - 154984 - 21464. Let a = -25387 - g. Is a prime?
False
Suppose -5323026 = -28*s - 474070. Is s a composite number?
False
Let b(n) = 9*n**2 - 4*n - 6. Let d be (-236)/(-6) - 38/(-57). Let w = -43 + d. Is b(w) prime?
False
Let r(y) = 471*y - 19. Let d(o) = 943*o - 39. Let c(s) = 2*d(s) - 5*r(s). Is c(-4) a composite number?
True
Let i = -6037606 + 8616879. Is i a prime number?
True
Suppose 26 = 6*j - 22. Is 184784/(-40)*(-20)/j composite?
False
Suppose -3*a + 19126 = 4*l, -9*a + 4797 = l - 16*a. Is l prime?
True
Let i = 465 + 26. Suppose -a - 25 - 2023 = -4*u, -5*a = u - i. Is u prime?
False
Suppose 38*p - 47051137 = -77*p - 88*p. Is p a composite number?
False
Let b(n) = -540*n - 13. Let o(f) = -f. Let q(r) = -b(r) - o(r). Let t(d) = d**2 + 2*d - 11. Let i be t(-5). Is q(i) a composite number?
True
Let l be (4/(-2))/(5/10). Let x(d) = 6*d + 4. Let h be x(l). Is h/(-30)*2/((-4)/(-894)) composite?
True
Suppose 3*m - 4*m = -b, 0 = 2*m + 10. Is -2*(370/4)/b a composite number?
False
Let w be (-1)/(-3) - 38360/24. Is ((-1)/((-8)/(-16)))/(4/w) composite?
True
Let o(g) = 47*g**2 + 7*g - 7. Let x(m) = -6 + 7*m - 2*m - 7*m. Let c be x(-6). Is o(c) composite?
True
Let v(l) = -12 + 15 + 7*l + 14 + 32. Let o be v(12). Let q = o - 48. Is q a composite number?
True
Suppose 0 = h - 4*f - 18891, 18*h + 75590 = 22*h - 3*f. Is h a prime number?
True
Suppose -g + 5 = 5*t, t + 3*t = -3*g + 37. Let l(v) = 2*v - 28. Let r be l(g). Suppose h - r*p = 415, -5*p = h - 3*p - 403. Is h composite?
False
Suppose -2*x - 2*x = -j - 30943, 5*x + 2*j = 38682. Suppose 203*d - 199*d + x = 0. Let f = 1965 - d. Is f composite?
True
Let y(n) = 150*n**2. Let o = -43 + 41. Let v be y(o). Suppose -2*x - 5*j + 630 = x, v = 3*x - 5*j. Is x prime?
False
Suppose 0 = -3*t + 4*z + 137303, 0 = 4*t - 0*z + 5*z - 183019. Is t prime?
False
Let n = -212 + 214. Suppose 454 = 5*k - 3*g, -n*k = 3*g - 0*g - 169. Is k prime?
True
Let h = 130 + -127. Let b be 1542/h*(-77)/(-14). Suppose 0 = 6*j - b - 977. Is j prime?
False
Let j(w) = 166*w**2 - 4*w + 1. Suppose -2*m = -20 + 2. Let f be -2*1*(6 - m)/6. Is j(f) prime?
True
Suppose 2*q - 2 = -b, 4*b + q = 2*q + 44. Let j be (3/(-5) - (-6)/b)/(-1). Suppose j = 3*y + 7*y - 7690. Is y composite?
False
Let d(s) = -s**3 + s**2. Let n(c) = -6*c**3 + 18*c**2 + 7*c - 41. Let h(t) = 5*d(t) - n(t). Is h(24) a composite number?
True
Let i = 190528 + -114659. Is i a composite number?
False
Let x(j) = -2*j**3 - 20*j**2 - 16*j - 191. Is x(-23) a prime number?
True
Let c = -15777 + 46468. Is c composite?
True
Suppose 10 = -5*x, 0*i - 17 = -i + 5*x. Suppose -i*m + 2*o = -11*m + 11702, 9 = -3*o. Is m composite?
False
Suppose 0 = -4*q + 8 + 4. Suppose -11 = -q*y - 2. Suppose 4*c + 8*u - 5444 = 7*u, -y*c = 2*u - 4083. Is c a prime number?
True
Let n(t) = 5*t**2 + 65*t - 371. Is n(31) composite?
False
Let r(l) = 43*l**3 - 35*l**2 + 71*l - 410. Is r(21) composite?
False
Suppose 4*g + 4*i - 2004096 = 0, 36*g = 35*g - 3*i + 501018. Is g prime?
False
Suppose -a + 6*a + 2*y = 2588622, -4 = y. Is a/(-165)*-3 - 2/10 prime?
True
Suppose 47*w - 10026573 = -54*w. Is w prime?
False
Suppose 8876 = 3*x + x. Let f = -627 - 814. Let y = f + x. Is y a prime number?
False
Let m = 1039 - 235. Let s = m - -1349. Is s a composite number?
False
Let p be -1*(5 - 4)*-10. Suppose 2*i - 10 = -p. Suppose -26*h + 25*h + 191 = i. Is h a prime number?
True
Let g be 2*-3*(-2 - 3/(-1)). Let x be g*20/(-75)*5/2. Suppose 2576 = x*j + 580. Is j composite?
False
Suppose 3*s = u - 114311 - 55377, 0 = u + 2*s - 169723. Is u prime?
True
Let r(j) = 2*j**2 - 6*j + 5. Let n be r(2). Suppose -3*s = -3*t - 57, 4*s + n - 32 = -5*t. Suppose -s*b + 12232 + 5394 = 0. Is b a prime number?
True
Let u be (-40)/(-140) - 3/7*-1677. Let z = u - -242. Suppose -2*a - x + 981 = 0, -2*a - 3*x + z = 2*x. Is a composite?
True
Let j(n) = n**2 + 32*n - 62. Let m be j(-34). Is 4566 + -5*(m - 5) prime?
True
Suppose 4*w + 6 = 3*a, 2 + 7 = -a + 5*w. Suppose -a*k - k - 203 = 0. Let m = -23 - k. Is m composite?
True
Is 1/(2/10 + 15589560/(-77950425)) prime?
False
Let v = 20 + -26. Let n be (-3)/(v/(-8)) - 162. Let x = -39 - n. Is x prime?
True
Suppose 2*f + 299053 = 5*b, -4*f = 10 + 6. Is b prime?
True
Let w = 27146 + -10813. Let z = w + -2820. Is z composite?
False
Suppose -32*m = -38*m + 18. Suppose 5*i - m*a = 45770, -2*i + 13570 = -a - 4737. Is i prime?
True
Let k(h) be the second derivative of -h**4/12 + 13*h**3/6 + h**2 - 4*h. Let u be k(13). Suppose 0 = -3*t + 3, -2*r + u*t = -1010 - 762. Is r composite?
False
Suppose 0 = -f + 4*m + 12, 3*m + 9 = 3*f - 5*f. Suppose 4*t = -u + 9625, f*t - 2*u + 4808 = 2*t. Is t composite?
True
Let j(s) be the third derivative of 11*s**5/60 + s**4/24 + 5*s**3/6 + s**2. Let b be (-5 - (-40)/(-16)) + 6/(-4). Is j(b) a composite number?
False
Suppose 0*c + 6082 = -3*c + 754339. Is c composite?
False
Suppose 5*u - 9*j = -3*j - 154360, 4*j - 154350 = 5*u. Let p = u - -46797. Is p composite?
True
Let k = 31537 - -1512. Is k a prime number?
True
Let h be -10*(818/(-5) - (-12)/30). Let p = -745 + h. Is p composite?
False
Is 30/42 - 1 - (-6908109)/91 composite?
False
Suppose 1562 = 9*y + 5576. Let x = y - -675. Suppose -c = 52 - x. Is c a composite number?
True
Suppose d - 7*b = 358450, 2*d - 151*b = -147*b + 716970. Is d a prime number?
True
Let s = 162342 - -101941. Is s composite?
False
Suppose 2*p - 20 = -r, -5*p - r + 93 = 43. Suppose 0 = -p*w + 1881 + 8989. Is w composite?
False
Let s be -3*(-3)/(18/236). Suppose 0 = 58*m - 4100 - 13068. Let p = m - s. Is p composite?
True
Let m(h) = -4*h**3 + 53*h**2 - 32*h - 9. Let l be m(18). Let q = -1172 - l. Is q a prime number?
True
Let j be (6/(-7))/2 + 304/56. Suppose 0 = x - j*f + 17, x + 3*f - 11 = f. Suppose -2 = a - 1, -x*q + 784 = 5*a. Is q composite?
False
Suppose -3*q - 2*q + 190 = 0. Let c be 862/4 + 19/q. Let u = c + -85. Is u composite?
False
Suppose o + 3*o = i + 3640, -o + 5*i + 910 = 0. Suppose u - o = -2*a, 3*u + 4*a - 595 = 2129. Let s = u - 417. Is s prime?
True
Is (4/10 - 2910472/(-120))/((-16)/(-48)) prime?
True
Let n = -32 - -37. Let g be n/(-5) + 7 + -3. Is (g/(-6))/(7/(-4858)) prime?
True
Let l be 35/15 - (-7)/(-21). Suppose -2*p + 2*w = 5*w - 22303, -l*p + 3*w = -22333. Is p a composite number?
False
Is 1/(-3)*(-85852 + (-10 - -11)) composite?
True
Let b(y) = 32*y**2 - 10*y - 19. Let o be b(-3). Let n = 460 - o. Is n a composite number?
True
Let c = 2 - -1. Let q(u) = 26*u - 4 + 82*u - 28*u + 0 - 10. Is q(c) prime?
False
Let u(m) = m**3 - 11*m**2 - 13*m. Let p be u(12). Let v(j) = 17 + 4*j**2 - 6*j + 9*j**2 + j. Is v(p) composite?
False
Suppose -2*p + 5*y = -18197, 27*p - 54602 = 21*p + 4*y. Is p composite?
True
Let b(t) = 729*t**2 - 85*t + 1583. Is b(24) composite?
True
Let z = 132896 + 65719. Suppose -23*p + 8*p = -z. Is p a prime number?
True
Let r(q) = q**3 - 3*q**2 + 4*q + 13. Let k(v) = -v**3 + 9*v**2 - 9*v + 15. Let f be k(8). Let w be r(f). Is (-2 - 34/(-6))*w composite?
True
Let k(r) = 83*r + 6. Let x be k(7). Let l be (4 + -2 - 2)/(-3). Suppose 0 = -l*m - m + x. Is m a composite number?
False
Suppose i = 4*i. Let u = -1002 + 1006. Suppose u*n - 156 - 160 = i. Is n a prime number?
True
Suppose 3*a - 2*d + 31197 = -4*d, -51979 = 5*a - 2*d. Let o = -5838 - a. Is o a composite number?
True
Suppose 2 = -9*h + 11*h. Is (1371/2)/(h/(2/1)) a prime number?
False
Let o(n) = 196*n**2 + 14*n + 19. Let m be o(-2). Is (2 + -10 - -4) + -4 + m a composite number?
True
Suppose 2*q = -b - 341, -2*q - 5*b + 134 - 495 = 0. Let t be q/78 + (-4)/(-26) - 5. Let c(o) = o**3 + 9*o**2 + 6*o - 3. Is c(t) composite?
False
Suppose -3*p + 4*a + 17299 + 6784 = 0, -2*p + 16074 = 2*a. Let v = -4294 + p. Is v a prime number?
True
Suppose 0 = -29*v + 39*v - 50. Suppose -x + 2908 = -v*p, -2*p - 3666 = -2*x + 2126. Is x composite?
True
Let h = -6343 + 13394. Is h a composite number?
True
Suppose -8*n = -2*o + 3749794, 5*n + 1112133 - 6736773 = -3*o. Is o a prime number?
False
Suppos